= r + 7. What are the prime factors of n?
3, 5
Let d(a) = 2*a**2 - 3*a - 8. Let c be d(4). Suppose -3*u = 5*n - 38, 0*n - 2*n - 2*u + c = 0. What are the prime factors of n?
2, 5
Suppose -5*c - 5*g = -1235, -5*c + 3*g - 4*g + 1243 = 0. What are the prime factors of c?
3, 83
Let o be 2/((-1)/(-12)*3). Suppose -w + o = w. List the prime factors of w.
2
Let j = 176 - 68. List the prime factors of j.
2, 3
Let u(f) = f + 14. Let h be u(-4). Suppose 2*s - 6*s - 2*x - 10 = 0, 0 = 2*s - 5*x - 1. Let v = h - s. List the prime factors of v.
2, 3
Let c(j) = -j**2 - 8*j - 4. Suppose 0 = -4*b + 3*b - 7. What are the prime factors of c(b)?
3
What are the prime factors of (-3 - -13)*(0 + (-42)/(-4))?
3, 5, 7
Suppose 2*x - 222 = -3*q - x, -410 = -5*q + 3*x. List the prime factors of q.
79
Let n(x) = x**3 + 12*x**2 - 2*x + 4. What are the prime factors of n(-12)?
2, 7
Let i = 1 - -1. Suppose -3*o - i*d + 8 = -12, d + 29 = 5*o. List the prime factors of o.
2, 3
Let n = -67 + 107. List the prime factors of n.
2, 5
Let a = 5 - 3. Suppose 0 = -a*f + 44 - 16. List the prime factors of f.
2, 7
Let p(y) = -106*y - 2. Let d be p(-1). Let h = -66 + d. What are the prime factors of h?
2, 19
Suppose -2 = 5*s - 5*l + 3, 5*l = -s - 7. Let d = 6 + s. Let b = d - 1. List the prime factors of b.
3
Let q(h) = -2*h**2 - 5*h. Let d be q(-5). Let t = d - -37. What are the prime factors of t?
2, 3
Let n = 4 - 0. Suppose -n*s + 137 = -5*p - 0*p, 4*s = -3*p + 97. What are the prime factors of s?
2, 7
Suppose 2*q - 3*i = i + 248, 0 = -2*q + 5*i + 244. What are the prime factors of q?
2, 3, 11
Let q(l) = -l - 4. Let z be q(-6). Let n be -7*(-1)/(-2)*-2. Suppose -k + z = -n. List the prime factors of k.
3
Let z(a) = 7*a**2 + 6*a. List the prime factors of z(-3).
3, 5
Suppose -4*d + 82 = -42. List the prime factors of d.
31
Let o(x) be the second derivative of -1/12*x**4 - 3/2*x**2 + 7/6*x**3 + 0 - 4*x. List the prime factors of o(6).
3
Let w(j) = 2*j. Suppose 3*i + 4 - 7 = 0. What are the prime factors of w(i)?
2
What are the prime factors of (-1668)/(-27) - 0 - (-20)/90?
2, 31
Suppose -2*k = -49 - 39. What are the prime factors of k?
2, 11
Let y(k) be the second derivative of k**6/180 + k**5/40 - k**4/12 + k. Let z(p) be the third derivative of y(p). List the prime factors of z(3).
3, 5
Let m be (1 - -1) + 0 + -2. Suppose m*g = g - 38. List the prime factors of g.
2, 19
What are the prime factors of (-1)/2 + 126/4?
31
Suppose 5*f + 28 = 78. Let k = f - 8. What are the prime factors of (1 - k)*(-13 - -2)?
11
Let h(o) = 4*o**2 - 4*o + 7. What are the prime factors of h(6)?
127
Let c(h) be the first derivative of 2*h**3/3 - 1. Let l be 6/27 + 35/45. List the prime factors of c(l).
2
Suppose 2*y - 4*m = -m - 2, -4*m + 8 = 0. Let l(h) = h**3 + 3*h**2 - 3*h. Let k be l(y). List the prime factors of k/35 - 18/(-5).
2
What are the prime factors of (-2)/(-8) - (-1071)/36?
2, 3, 5
Let k(u) = -16*u + 14*u + 9 + 5. List the prime factors of k(-8).
2, 3, 5
Let o = 89 + 35. List the prime factors of o.
2, 31
Suppose -2 - 1 = -g. Suppose -z + g*v + 0 = -18, z + 2*v = -7. Suppose z*b = 18 + 3. List the prime factors of b.
7
Let m be -16 + (8/(-4) - -2). Let c = m + 29. List the prime factors of c.
13
Let k(u) = -u**2 + 23*u - 45. What are the prime factors of k(18)?
3, 5
Suppose 0 = -g + x - 0*x, 0 = -2*g + x. Let r(a) = a**2 - a - 8. Let m be r(g). Let u = m + 14. What are the prime factors of u?
2, 3
Suppose n = 2*n - 251. List the prime factors of n.
251
Let k be (-12)/(-2)*(-77)/14. Let c = k - -47. What are the prime factors of c?
2, 7
Let w(x) = x - 1. Let z be w(3). Suppose -4*q + 3*u = 2*u - 13, 5*u = -z*q + 1. Suppose -q*f = -7 - 23. List the prime factors of f.
2, 5
Let m(b) = 10*b**3 + b**2. Let h be m(-1). Let t(u) = -u**3 - 8*u**2 + 9*u + 7. List the prime factors of t(h).
7
Let y(d) = -d**3 - 7*d**2 - d - 7. Let w be y(-7). What are the prime factors of 2 + (w - 2)*-15?
2
Suppose -2*n = 4*a - 176, 2*n - 3*n - 2 = 0. Suppose a = 4*i - 23. List the prime factors of i.
17
Suppose 4*p + 153 = 5*i, 0*i - 5*p + 114 = 3*i. What are the prime factors of i?
3, 11
Let g = 8 + 2. Suppose -5*u + g = -0. Let r = u + 5. List the prime factors of r.
7
Let y = 102 - 64. What are the prime factors of y?
2, 19
Suppose -r + 4*r - 30 = 0. Suppose 5*x + 10 = 5*h, 2*h = -0*h - x + 10. Suppose h*j + 2 = r. What are the prime factors of j?
2
Let c be 23/(-7) - 12/(-42). List the prime factors of (11 - -2) + 0 + c.
2, 5
Let h(k) = k**3 - 3*k**2 - k. Let z(i) = -i**2 - 3*i + 4. Let r be z(-3). Let g be h(r). Suppose -c = -0*c - g. List the prime factors of c.
2, 3
Let g be (18/(-27))/((-2)/(-24)). Let h = 9 + g. List the prime factors of h/2*-1*-44.
2, 11
Let a(t) = 3*t**3 + 9*t**2 + 2 - 4*t**3 - 3*t**2 - 6*t. Let f be a(5). Let n(b) = b**2 - 2*b + 1. List the prime factors of n(f).
2
Let g = 0 + 21. Suppose 137 + g = -3*u - 4*s, 0 = 2*u - 2*s + 82. What are the prime factors of (-4)/(-10) + u/(-10)?
5
Let n = 5 - 20. List the prime factors of 2/6*(0 - n).
5
Suppose 0 = -3*a - 0*l + 4*l + 56, -a = 4*l - 40. What are the prime factors of a?
2, 3
Suppose -6*t - 750 = -12*t. List the prime factors of t.
5
List the prime factors of ((-4)/(-6))/((-8)/(-204)).
17
Suppose -219 = -5*d + 111. Let i = d - 104. Let j = i - -55. List the prime factors of j.
17
Let l(q) be the second derivative of -q**5/20 + 11*q**2/2 + 4*q. List the prime factors of l(0).
11
Suppose -3*a + 39 = g, -3*a + 49 = 3*g + 10. What are the prime factors of a?
13
Suppose -5*f - u = -1188 - 571, f - 2*u - 354 = 0. List the prime factors of f.
2, 11
Let p be (36/(-15) + 2)*-25. Let v be (-6)/(3/p*-1). Suppose -2*j - v = -6*j. What are the prime factors of j?
5
Suppose 0 = l - 4*l. List the prime factors of (-1 - -8) + l/3.
7
What are the prime factors of (-4)/(-6) + 384*(-2)/(-9)?
2, 43
Let t be (-1 - (0 - 2))*18. Let s = -10 + t. What are the prime factors of s?
2
Let x(y) = -48*y + 42. What are the prime factors of x(-4)?
2, 3, 13
What are the prime factors of 23 - -96 - 4*1?
5, 23
Let k(t) = t**2 - 4*t + 6. Let l be k(5). Suppose 2*h + 2*d = 30 + 2, h - 4*d = l. Let s = 27 - h. What are the prime factors of s?
2, 3
Let x = 26 - -12. Let s = -24 + x. What are the prime factors of s?
2, 7
Let a = -2 - 2. Let m(u) = -5*u - 6. What are the prime factors of m(a)?
2, 7
Suppose -3*z = -0*p + 5*p - 39, -5*z = 2*p - 46. What are the prime factors of ((-90)/(-4))/(z/16)?
3, 5
Let m(j) = -j**2 - 5*j + 1. Suppose -s = s + 10. Let b be m(s). Let h = 5 + b. List the prime factors of h.
2, 3
Let f(h) = h + 6. Let j be f(0). Suppose -j*g = -4*g - 8. Suppose -2*z + 3*z = g. What are the prime factors of z?
2
Suppose 4*w - 35 - 37 = 0. Suppose -4*y + w = -3*r, y - 5 = 3*r + 4. What are the prime factors of y?
3
Let t(f) = f**2 + 1. Let c(b) = -2*b**2 + b - 8. Let a(d) = -c(d) - t(d). What are the prime factors of a(5)?
3
Let s(v) = -v**3 + 3*v**2 + 4*v + 2. Let i be s(4). Suppose -2*c = 4*r - 22, 0 = 4*c + i*r - 4*r - 4. Suppose 14 = -o + c*o. What are the prime factors of o?
7
Let h = 8 - 4. Suppose -120 = -0*k - h*k. List the prime factors of k.
2, 3, 5
Suppose 14*r - 136 = 6*r. Let m = 41 + r. What are the prime factors of m?
2, 29
Let v be (-10)/((32/(-20))/4). Suppose 0 = -2*s - 2*s + g + v, -2*g - 29 = -5*s. List the prime factors of s.
7
Let v be (-17 + -1)/(-12 + 11). Suppose 7*r - v = 4*r. What are the prime factors of r?
2, 3
Suppose 0 = -2*o - 4*n + 24, 5*o - 3*n - 20 = 14. Let y(a) = -a**2 + 10*a - 12. What are the prime factors of y(o)?
2
Suppose -4*w - q = 221, -4*w - 3*q = 30 + 201. What are the prime factors of (8/(-24))/(2/w)?
3
Suppose 0*i - 2*i + 72 = 0. What are the prime factors of i?
2, 3
Let h(r) = -r**2 - 8*r + 2. Let v be h(-8). Let d(t) = t**2 - t + 1. Let x be d(v). What are the prime factors of 1*(x + 17 + -3)?
17
Suppose -2*t + 2*w + 44 = 6*w, 100 = 4*t - 4*w. Suppose -3*p + 12 + t = 0. What are the prime factors of p?
2, 3
Let v(n) = -2*n**3 - 12*n**2 - 5*n - 6. List the prime factors of v(-8).
2, 5, 29
What are the prime factors of (1/(-2))/((-18)/8244)?
229
Let c(t) be the second derivative of t**6/720 + t**5/30 + t**4/12 + t. Let g(d) be the third derivative of c(d). List the prime factors of g(8).
2, 3
Let x(s) = s**3 - 5*s**2 